 1239930.
2, 3, 5, 23, 599
List the prime factors of 366401.
7, 17, 3079
List the prime factors of 254842.
2, 7, 109, 167
List the prime factors of 12754276.
2, 3188569
What are the prime factors of 11814249?
3, 23, 47, 3643
List the prime factors of 1887999.
3, 37, 73, 233
What are the prime factors of 639617?
11, 58147
What are the prime factors of 1584269?
1584269
List the prime factors of 9589281.
3, 13, 19, 12941
List the prime factors of 1350393.
3, 11, 151, 271
What are the prime factors of 1361247?
3, 311, 1459
What are the prime factors of 20123129?
13, 29, 53377
List the prime factors of 5389543.
5389543
What are the prime factors of 178838?
2, 11, 739
What are the prime factors of 13503931?
7, 311, 6203
What are the prime factors of 1340546?
2, 739, 907
List the prime factors of 7657354.
2, 43, 269, 331
What are the prime factors of 24847?
24847
List the prime factors of 1331385.
3, 5, 11, 8069
What are the prime factors of 334729?
89, 3761
List the prime factors of 4139288.
2, 517411
What are the prime factors of 1349948?
2, 337487
What are the prime factors of 9974148?
2, 3, 137, 6067
List the prime factors of 40780074.
2, 3, 6796679
List the prime factors of 1297888.
2, 40559
List the prime factors of 1872197.
97, 19301
What are the prime factors of 35752478?
2, 193, 92623
List the prime factors of 14654102.
2, 17, 293, 1471
List the prime factors of 37613631.
3, 11, 1139807
List the prime factors of 70174.
2, 13, 2699
List the prime factors of 2226293.
2226293
List the prime factors of 149531.
149531
What are the prime factors of 350255?
5, 70051
List the prime factors of 13682764.
2, 3420691
What are the prime factors of 144961?
144961
List the prime factors of 1187553.
3, 395851
List the prime factors of 839610.
2, 3, 5, 19, 491
What are the prime factors of 1425319?
7, 203617
List the prime factors of 353867.
353867
What are the prime factors of 243775?
5, 7, 199
What are the prime factors of 2355372?
2, 3, 113, 193
List the prime factors of 3891653.
619, 6287
List the prime factors of 27671326.
2, 13835663
List the prime factors of 17144390.
2, 5, 1714439
List the prime factors of 2604464.
2, 162779
List the prime factors of 213138.
2, 3, 3947
List the prime factors of 8410814.
2, 79, 53233
What are the prime factors of 40093495?
5, 13, 97, 6359
What are the prime factors of 3149465?
5, 11, 173, 331
What are the prime factors of 516234?
2, 3, 97, 887
What are the prime factors of 892982?
2, 97, 4603
What are the prime factors of 18392925?
3, 5, 431, 569
What are the prime factors of 5102129?
5102129
List the prime factors of 366515.
5, 73303
What are the prime factors of 2148450?
2, 3, 5, 14323
What are the prime factors of 656948?
2, 17, 9661
What are the prime factors of 3181517?
167, 19051
What are the prime factors of 447768?
2, 3, 691
List the prime factors of 16458.
2, 3, 13, 211
What are the prime factors of 434126?
2, 7, 11, 2819
List the prime factors of 6051.
3, 2017
What are the prime factors of 6338008?
2, 17, 29, 1607
What are the prime factors of 19238713?
13, 17, 263, 331
List the prime factors of 253655.
5, 97, 523
List the prime factors of 17968210.
2, 5, 13, 89, 1553
List the prime factors of 2966044.
2, 157, 4723
What are the prime factors of 3286827?
3, 173, 2111
What are the prime factors of 176200?
2, 5, 881
List the prime factors of 928261.
29, 32009
What are the prime factors of 2784827?
2784827
List the prime factors of 2096340.
2, 3, 5, 34939
List the prime factors of 307365.
3, 5, 31, 661
List the prime factors of 223921.
223921
What are the prime factors of 212868?
2, 3, 73
List the prime factors of 1118751.
3, 372917
List the prime factors of 6567038.
2, 373, 8803
List the prime factors of 388707.
3, 11, 11779
List the prime factors of 19624096.
2, 613253
What are the prime factors of 785960?
2, 5, 7, 401
List the prime factors of 156921.
3, 19, 2753
What are the prime factors of 544596?
2, 3, 13, 3491
What are the prime factors of 518315?
5, 7, 59, 251
What are the prime factors of 2778563?
271, 10253
What are the prime factors of 2602550?
2, 5, 52051
List the prime factors of 3863551.
911, 4241
What are the prime factors of 17683341?
3, 13, 41, 11059
List the prime factors of 8852425.
5, 354097
List the prime factors of 20682088.
2, 7, 139, 2657
List the prime factors of 758468.
2, 189617
List the prime factors of 2310309.
3, 41, 2087
List the prime factors of 5866957.
5866957
List the prime factors of 24293.
17, 1429
What are the prime factors of 4301187?
3, 11, 17, 41
List the prime factors of 615972.
2, 3, 7, 7333
What are the prime factors of 360625?
5, 577
List the prime factors of 632065.
5, 7, 18059
List the prime factors of 1627243.
73, 22291
What are the prime factors of 22130671?
22130671
List the prime factors of 2969310.
2, 3, 5, 29, 3413
What are the prime factors of 11330394?
2, 3, 1888399
List the prime factors of 4141525.
5, 19, 8719
What are the prime factors of 33141?
3, 11047
List the prime factors of 197933.
197933
What are the prime factors of 116387?
116387
List the prime factors of 7443548.
2, 7, 265841
What are the prime factors of 183421?
7, 26203
What are the prime factors of 139911?
3, 149, 313
List the prime factors of 10557661.
43, 245527
List the prime factors of 364231.
7, 61, 853
List the prime factors of 139213.
17, 19, 431
List the prime factors of 14027918.
2, 1181, 5939
What are the prime factors of 15490110?
2, 3, 5, 197, 2621
List the prime factors of 21894131.
7, 446819
List the prime factors of 4152183.
3, 7, 149, 1327
List the prime factors of 22368508.
2, 5592127
List the prime factors of 1900397.
1900397
List the prime factors of 25144608.
2, 3, 37, 7079
List the prime factors of 621477.
3, 199, 347
List the prime factors of 121923.
3, 19, 23, 31
What are the prime factors of 1299707?
23, 56509
What are the prime factors of 5558595?
3, 5, 7, 167, 317
What are the prime factors of 266914?
2, 317, 421
List the prime factors of 49412.
2, 11, 1123
List the prime factors of 4021070.
2, 5, 402107
List the prime factors of 25166.
2, 12583
What are the prime factors of 1231879?
11, 53, 2113
What are the prime factors of 10943652?
2, 3, 53, 17207
What are the prime factors of 21998096?
2, 31, 44351
List the prime factors of 164218.
2, 47, 1747
List the prime factors of 1086100.
2, 5, 10861
List the prime factors of 2344617.
3, 11, 2153
List the prime factors of 1693149.
3, 17, 33199
What are the prime factors of 278185?
5, 23, 41, 59
What are the prime factors of 939015?
3, 5, 7, 11, 271
List the prime factors of 3739926.
2, 3, 623321
What are the prime factors of 23419323?
3, 41, 63467
What are the prime factors of 111264?
2, 3, 19, 61
What are the prime factors of 236959?
29, 8171
What are the prime factors of 10616032?
2, 7, 83, 571
What are the prime factors of 149500?
2, 5, 13, 23
What are the prime factors of 245643?
3, 37, 2213
List the prime factors of 3012754.
2, 19, 79283
List the prime factors of 414938.
2, 207469
What are the prime factors of 141672?
2, 3, 5903
List the prime factors of 30845320.
2, 5, 11, 6373
List the prime factors of 37056.
2, 3, 193
What are the prime factors of 12061293?
3, 4020431
List the prime factors of 302052.
2, 3, 25171
What are the prime factors of 32911?
32911
List the prime factors of 286693.
11, 67, 389
What are the prime factors of 12775842?
2, 3, 709769
List the prime factors of 556585.
5, 111317
What are the prime factors of 195880?
2, 5, 59, 83
List the prime factors of 2832624.
2, 3, 79, 83
List the prime factors of 541897.
41, 13217
What are the prime factors of 463590?
2, 3, 5, 17, 101
What are the prime factors of 191462?
2, 95731
What are the prime factors of 2157549?
3, 719183
List the prime factors of 2769344.
2, 43271
List the prime factors of 17682904.
2, 47, 131, 359
List the prime factors of 12284702.
2, 6142351
List the prime factors of 15909901.
7, 2272843
What are the prime factors of 690798?
2, 3, 115133
What are the prime factors of 126158?
2, 63079
List the prime factors of 2884158.
2, 3, 160231
What are the prime factors of 1113221?
1113221
What are the prime factors of 2266515?
3, 5, 103, 163
List the prime factors of 2618478.
2, 3, 145471
What are the prime factors of 28801?
83, 347
What 